{"id":33,"date":"2019-04-04T23:11:03","date_gmt":"2019-04-04T21:11:03","guid":{"rendered":"https:\/\/floorball.vfl-platte-heide.de\/?page_id=33"},"modified":"2023-02-21T23:29:41","modified_gmt":"2023-02-21T22:29:41","slug":"pressespiegel-floorball","status":"publish","type":"page","link":"https:\/\/floorball.vfl-platte-heide.de\/?page_id=33","title":{"rendered":"Pressespiegel Floorball"},"content":{"rendered":"<p>[et_pb_section fb_built=&#8220;1&#8243; admin_label=&#8220;section&#8220; _builder_version=&#8220;4.16&#8243; global_colors_info=&#8220;{}&#8220;][et_pb_row admin_label=&#8220;row&#8220; _builder_version=&#8220;4.16&#8243; background_image=&#8220;https:\/\/floorball.vfl-platte-heide.de\/wp-content\/uploads\/2019\/04\/comp_2019-03-24-19.41.50.jpg&#8220; background_size=&#8220;initial&#8220; background_position=&#8220;top_left&#8220; background_repeat=&#8220;repeat&#8220; global_colors_info=&#8220;{}&#8220;][et_pb_column type=&#8220;4_4&#8243; _builder_version=&#8220;4.16&#8243; custom_padding=&#8220;|||&#8220; global_colors_info=&#8220;{}&#8220; custom_padding__hover=&#8220;|||&#8220;][et_pb_text admin_label=&#8220;Text&#8220; _builder_version=&#8220;4.16&#8243; background_size=&#8220;initial&#8220; background_position=&#8220;top_left&#8220; background_repeat=&#8220;repeat&#8220; global_colors_info=&#8220;{}&#8220;]<\/p>\n<h1 style=\"text-align: center;\"><span style=\"font-size: xx-large;\"><strong>Die Sportart Floorball<\/strong><\/span><\/h1>\n<h2 style=\"text-align: center;\"><span style=\"color: #ffffff;\">Floorball l\u00e4sst sich treffend als Eishockey in<\/span><br \/><span style=\"color: #ffffff;\"> der Sporthalle beschreiben. Gespielt wird<\/span><br \/><span style=\"color: #ffffff;\"> von jeweils f\u00fcnf Feldspielern und einem Torh\u00fcter<\/span><br \/><span style=\"color: #ffffff;\"> mit einem Kunstfaserstock und einem<\/span><br \/><span style=\"color: #ffffff;\"> 23 Gramm leichten Lochball. Die Regeln sind<\/span><br \/><span style=\"color: #ffffff;\"> einfach und auch f\u00fcr Anf\u00e4nger selbsterkl\u00e4rend.<\/span><br \/><span style=\"color: #ffffff;\"> Der Spielgedanke verbindet Kreativit\u00e4t,<\/span><br \/><span style=\"color: #ffffff;\"> Schnelligkeit, Dynamik, Kraft und Fairness.<\/span><\/h2>\n<p><span style=\"color: #ffffff;\"><\/span><\/p>\n<p><span style=\"color: #ffffff;\"><\/span><\/p>\n<p><span style=\"color: #ffffff;\"><\/span><\/p>\n<p><span style=\"color: #ffffff;\"><\/span><\/p>\n<p><span style=\"color: #ffffff;\"><\/span><\/p>\n<h3 style=\"text-align: center;\"><span style=\"font-size: xx-large;\"><strong>\u201eDer schlafende Riese\u201c<\/strong><\/span><\/h3>\n<h3 style=\"text-align: center;\">Floorball begeistert weltweit bereits Hunderttausende<br \/> Kinder, Jugendliche und junge<br \/> Erwachsene. In Deutschland hat sich das<br \/> Spiel bundesweit verbreitet. \u00dcber 80 Prozent<br \/> der Floorballspieler sind unter 24 Jahren alt.<br \/> Es existiert ein umfangreicher Spielbetrieb<br \/> von Nachwuchsligen bis hin zur Bundesliga.<br \/> International gilt Deutschland als \u201eschlafender<br \/> Riese\u201c (FAS, Frankfurter Allgemeine<br \/> Sonntagszeitung).<\/h3>\n<p>&nbsp;<\/p>\n<p>&nbsp;<\/p>\n<p>&nbsp;<\/p>\n<p>[\/et_pb_text][\/et_pb_column][\/et_pb_row][et_pb_row column_structure=&#8220;1_2,1_2&#8243; _builder_version=&#8220;4.16&#8243; global_colors_info=&#8220;{}&#8220;][et_pb_column type=&#8220;1_2&#8243; _builder_version=&#8220;4.16&#8243; custom_padding=&#8220;|||&#8220; global_colors_info=&#8220;{}&#8220; custom_padding__hover=&#8220;|||&#8220;][et_pb_image src=&#8220;https:\/\/floorball.vfl-platte-heide.de\/wp-content\/uploads\/2022\/05\/comp_IMG_9968.jpg&#8220; title_text=&#8220;comp_IMG_9968&#8243; show_in_lightbox=&#8220;on&#8220; _builder_version=&#8220;4.20.0&#8243; hover_enabled=&#8220;0&#8243; global_colors_info=&#8220;{}&#8220; sticky_enabled=&#8220;0&#8243;][\/et_pb_image][\/et_pb_column][et_pb_column type=&#8220;1_2&#8243; _builder_version=&#8220;4.16&#8243; custom_padding=&#8220;|||&#8220; global_colors_info=&#8220;{}&#8220; custom_padding__hover=&#8220;|||&#8220;][et_pb_text _builder_version=&#8220;4.16&#8243; global_colors_info=&#8220;{}&#8220;]<\/p>\n<p>&nbsp;<\/p>\n<p><span style=\"font-size: x-large;\"><strong>DYNAMIK. TEMPO. FASZINATION.<\/strong><\/span><\/p>\n<p><span style=\"font-size: large;\">Floorball ist eines der <span style=\"color: #ff0000;\">schnellsten<\/span> Sportspiele der Welt. Das Spiel ist attraktiv, rasant und leicht zu erlernen.<\/span><br \/> <span style=\"font-size: large;\">Floorball verbindet die positiven Aspekte vieler bekannter Spielsportarten miteinander und kreiert daraus einen modernen Mix.<\/span><\/p>\n<p>[\/et_pb_text][\/et_pb_column][\/et_pb_row][et_pb_row column_structure=&#8220;1_3,1_3,1_3&#8243; _builder_version=&#8220;4.16&#8243; global_colors_info=&#8220;{}&#8220;][et_pb_column type=&#8220;1_3&#8243; _builder_version=&#8220;4.16&#8243; custom_padding=&#8220;|||&#8220; global_colors_info=&#8220;{}&#8220; custom_padding__hover=&#8220;|||&#8220;][et_pb_text _builder_version=&#8220;4.16&#8243; global_colors_info=&#8220;{}&#8220;]<\/p>\n<h3><span style=\"text-decoration: underline;\"><strong>Boomender Vereinssport<\/strong><\/span><\/h3>\n<h3><\/h3>\n<h3> Floorball wird als Vereinssport immer beliebter. Bundesweit w\u00e4chst der Ligabetrieb im Nachwuchs- und Erwachsenenbereich. Die gro\u00dfe Mehrzahl der Mehrspartensportvereine, die Floorball ins Programm nehmen, erfahren in k\u00fcrzester Zeit einen rasanten und anhaltenden Mitgliederboom. Auch die Qualit\u00e4t der Spieler steigt: Beleg ist der \u00fcberraschende vierte Platz des Herren Nationalteams bei der WM 2012 in Z\u00fcrich.<\/h3>\n<p>&nbsp;<\/p>\n<p>[\/et_pb_text][\/et_pb_column][et_pb_column type=&#8220;1_3&#8243; _builder_version=&#8220;4.16&#8243; custom_padding=&#8220;|||&#8220; global_colors_info=&#8220;{}&#8220; custom_padding__hover=&#8220;|||&#8220;][et_pb_image src=&#8220;https:\/\/floorball.vfl-platte-heide.de\/wp-content\/uploads\/2022\/05\/comp_IMG_0005.jpg&#8220; title_text=&#8220;comp_IMG_0005&#8243; show_in_lightbox=&#8220;on&#8220; align_tablet=&#8220;center&#8220; align_phone=&#8220;&#8220; align_last_edited=&#8220;on|desktop&#8220; _builder_version=&#8220;4.20.0&#8243; hover_enabled=&#8220;0&#8243; global_colors_info=&#8220;{}&#8220; sticky_enabled=&#8220;0&#8243;][\/et_pb_image][\/et_pb_column][et_pb_column type=&#8220;1_3&#8243; _builder_version=&#8220;4.16&#8243; custom_padding=&#8220;|||&#8220; global_colors_info=&#8220;{}&#8220; custom_padding__hover=&#8220;|||&#8220;][et_pb_text _builder_version=&#8220;4.16&#8243; global_colors_info=&#8220;{}&#8220;]<\/p>\n<h3><span style=\"text-decoration: underline;\"><strong>Grenzenloser Freizeitsport<\/strong><\/span><\/h3>\n<h3><\/h3>\n<h3> Floorball eignet sich hervorragend als Freizeitsportaktivit\u00e4t. Das Spiel bringt in Bewegung und kennt keine Generations- und<br \/> Geschlechtergrenzen. Bundesweit haben sich zahlreiche Turnierformate f\u00fcr Freizeitteams etabliert, so nicht zuletzt rund um die Top-Events von Floorball Deutschland. Sehr beliebt ist Floorball als Freizeitsportangebot von Universit\u00e4ten und Schulen.<\/h3>\n<p>&nbsp;<\/p>\n<p>[\/et_pb_text][\/et_pb_column][\/et_pb_row][et_pb_row column_structure=&#8220;1_2,1_2&#8243; _builder_version=&#8220;4.16&#8243; global_colors_info=&#8220;{}&#8220;][et_pb_column type=&#8220;1_2&#8243; _builder_version=&#8220;4.16&#8243; custom_padding=&#8220;|||&#8220; global_colors_info=&#8220;{}&#8220; custom_padding__hover=&#8220;|||&#8220;][et_pb_image src=&#8220;https:\/\/floorball.vfl-platte-heide.de\/wp-content\/uploads\/2023\/02\/comp-Turnier-Iserlohn-scaled.jpg&#8220; title_text=&#8220;comp-Turnier-Iserlohn&#8220; show_in_lightbox=&#8220;on&#8220; align_tablet=&#8220;center&#8220; align_phone=&#8220;&#8220; align_last_edited=&#8220;on|desktop&#8220; _builder_version=&#8220;4.20.0&#8243; hover_enabled=&#8220;0&#8243; global_colors_info=&#8220;{}&#8220; sticky_enabled=&#8220;0&#8243;][\/et_pb_image][\/et_pb_column][et_pb_column type=&#8220;1_2&#8243; _builder_version=&#8220;4.16&#8243; custom_padding=&#8220;|||&#8220; global_colors_info=&#8220;{}&#8220; custom_padding__hover=&#8220;|||&#8220;][et_pb_text _builder_version=&#8220;4.16&#8243; global_colors_info=&#8220;{}&#8220;]<\/p>\n<p><span style=\"font-size: x-large;\"><strong>Idealer Schulsport<\/strong><\/span><\/p>\n<p><span style=\"font-size: large;\">Floorball ist ein idealer Schulsport. M\u00e4dchen und Jungen spielen <span style=\"color: #008000;\">gemeinsam<\/span> in Teams, die Grundtechniken sind kinderleicht<\/span><br \/> <span style=\"font-size: large;\">und Erfolgserlebnisse stellen sich sofort ein. Der Spielgedanke des Floorballs begeistert ausnahmslos alle Kinder und die <\/span><br \/> <span style=\"font-size: large;\">Sportart ist wenig verletzungsrelevant. Nicht zuletzt sind die Anschaffungskosten gering.<\/span><\/p>\n<p>[\/et_pb_text][\/et_pb_column][\/et_pb_row][\/et_pb_section]<\/p>\n","protected":false},"excerpt":{"rendered":"<p>Die Sportart Floorball Floorball l\u00e4sst sich treffend&#8230;<\/p>\n","protected":false},"author":2,"featured_media":0,"parent":0,"menu_order":0,"comment_status":"closed","ping_status":"closed","template":"","meta":{"_et_pb_use_builder":"on","_et_pb_old_content":"<strong>Die Sportart Floorball<\/strong>\r\nFloorball l\u00e4sst sich treffend als Eishockey in\r\nder Sporthalle beschreiben. Gespielt wird\r\nvon jeweils f\u00fcnf Feldspielern und einem Torh\u00fcter\r\nmit einem Kunstfaserstock und einem\r\n23 Gramm leichten Lochball. Die Regeln sind\r\neinfach und auch f\u00fcr Anf\u00e4nger selbsterkl\u00e4rend.\r\nDer Spielgedanke verbindet Kreativit\u00e4t,\r\nSchnelligkeit, Dynamik, Kraft und Fairness.\r\n\r\n<strong>\u201eDer schlafende Riese\u201c<\/strong>\r\nFloorball begeistert weltweit bereits Hunderttausende\r\nKinder, Jugendliche und junge\r\nErwachsene. In Deutschland hat sich das\r\nSpiel bundesweit verbreitet. \u00dcber 80 Prozent\r\nder Floorballspieler sind unter 24 Jahren alt.\r\nEs existiert ein umfangreicher Spielbetrieb\r\nvon Nachwuchsligen bis hin zur Bundesliga.\r\nInternational gilt Deutschland als \u201eschlafender\r\nRiese\u201c (FAS, Frankfurter Allgemeine\r\nSonntagszeitung).\r\n\r\n&nbsp;\r\n\r\n&nbsp;\r\n\r\n&nbsp;","_et_gb_content_width":"","footnotes":""},"class_list":["post-33","page","type-page","status-publish","hentry"],"_links":{"self":[{"href":"https:\/\/floorball.vfl-platte-heide.de\/index.php?rest_route=\/wp\/v2\/pages\/33","targetHints":{"allow":["GET"]}}],"collection":[{"href":"https:\/\/floorball.vfl-platte-heide.de\/index.php?rest_route=\/wp\/v2\/pages"}],"about":[{"href":"https:\/\/floorball.vfl-platte-heide.de\/index.php?rest_route=\/wp\/v2\/types\/page"}],"author":[{"embeddable":true,"href":"https:\/\/floorball.vfl-platte-heide.de\/index.php?rest_route=\/wp\/v2\/users\/2"}],"replies":[{"embeddable":true,"href":"https:\/\/floorball.vfl-platte-heide.de\/index.php?rest_route=%2Fwp%2Fv2%2Fcomments&post=33"}],"version-history":[{"count":2,"href":"https:\/\/floorball.vfl-platte-heide.de\/index.php?rest_route=\/wp\/v2\/pages\/33\/revisions"}],"predecessor-version":[{"id":663,"href":"https:\/\/floorball.vfl-platte-heide.de\/index.php?rest_route=\/wp\/v2\/pages\/33\/revisions\/663"}],"wp:attachment":[{"href":"https:\/\/floorball.vfl-platte-heide.de\/index.php?rest_route=%2Fwp%2Fv2%2Fmedia&parent=33"}],"curies":[{"name":"wp","href":"https:\/\/api.w.org\/{rel}","templated":true}]}}